mber?
True
Is 445730959 a prime number?
False
Is 3983199079 composite?
True
Is 24463131653 prime?
False
Is 3418834747 a composite number?
True
Is 201230873 prime?
True
Is 328174526 a prime number?
False
Is 123727937567 prime?
False
Is 1305397469 a composite number?
True
Is 26131434101 a composite number?
False
Is 5655999511 composite?
False
Is 132073581741 a composite number?
True
Is 4522729333 a prime number?
True
Is 4450753579 prime?
True
Is 575091029 a composite number?
False
Is 426911239 prime?
True
Is 8490957431 a prime number?
False
Is 313921913 prime?
False
Is 3501708803 composite?
False
Is 13375854341 a prime number?
False
Is 9796404329 a composite number?
True
Is 111665133343 prime?
False
Is 1084238611 prime?
True
Is 7097085589 a prime number?
False
Is 6125481571 prime?
False
Is 5293415759 a composite number?
False
Is 214925881 prime?
True
Is 115045891 prime?
True
Is 5919022289 prime?
True
Is 364771471465 prime?
False
Is 36139673981 composite?
True
Is 79061010239 composite?
True
Is 8992747649 composite?
False
Is 29319227411 a prime number?
True
Is 1729347359 a prime number?
False
Is 71026308107 a prime number?
False
Is 2732268967 a prime number?
True
Is 115314867097 a composite number?
False
Is 1457105093 a prime number?
True
Is 10884496983 prime?
False
Is 1404445733 a composite number?
False
Is 13931368471 a composite number?
True
Is 9570152261 composite?
True
Is 11377198309 a composite number?
True
Is 717208369 composite?
True
Is 22827787759 a prime number?
False
Is 548977457 composite?
True
Is 3828565313 prime?
False
Is 5465490841 a composite number?
False
Is 104438203 prime?
True
Is 34094917481 prime?
False
Is 3109059887 composite?
True
Is 651592451 a prime number?
True
Is 99394121927 a prime number?
True
Is 17527423 a composite number?
True
Is 15839646061 a composite number?
False
Is 117499115143 a prime number?
True
Is 462955981 composite?
False
Is 75640896059 composite?
True
Is 13871890793 prime?
True
Is 1315279162 a prime number?
False
Is 34846004563 a composite number?
False
Is 1148671743 a prime number?
False
Is 4769265617 prime?
True
Is 20828400769 a prime number?
False
Is 8899377737 composite?
False
Is 4035222473 a prime number?
True
Is 1947604682 a composite number?
True
Is 1290012571 composite?
True
Is 3115019777 a composite number?
True
Is 5518367689 composite?
True
Is 29440168663 prime?
True
Is 587692835 a composite number?
True
Is 251170477 a composite number?
False
Is 46363405291 prime?
False
Is 291333191933 composite?
True
Is 40797578189 a prime number?
False
Is 17459581 a composite number?
False
Is 12769311343 a composite number?
True
Is 20539270849 a prime number?
False
Is 448247831 a prime number?
False
Is 116904781 prime?
False
Is 261454024921 composite?
False
Is 69067537247 a prime number?
True
Is 1453684241 a composite number?
False
Is 305384333 composite?
True
Is 52645880011 a composite number?
True
Is 20713578933 composite?
True
Is 1149574483 a prime number?
True
Is 42494871 a prime number?
False
Is 26349350257 a prime number?
False
Is 346148557 a composite number?
True
Is 186854033 a composite number?
True
Is 1209845023 composite?
True
Is 828004831 a prime number?
True
Is 56166631 composite?
False
Is 1067729059 composite?
False
Is 100658047 a prime number?
False
Is 63921563 a prime number?
False
Is 514782353 a composite number?
True
Is 11079571037 composite?
False
Is 3804012785 a composite number?
True
Is 4785818683 prime?
True
Is 2217872407 a prime number?
False
Is 3841928747 a composite number?
True
Is 370410631 composite?
True
Is 2501672429 prime?
False
Is 785671807 composite?
True
Is 316430561 composite?
False
Is 22264299361 composite?
False
Is 32224131077 prime?
True
Is 102819135763 a composite number?
True
Is 169262029 a prime number?
True
Is 117820561849 prime?
True
Is 255072475447 prime?
True
Is 204799379 a composite number?
False
Is 45109276337 a prime number?
True
Is 30418103 a composite number?
False
Is 889326421 composite?
False
Is 490484755 a prime number?
False
Is 55087514583 composite?
True
Is 38297059754 a prime number?
False
Is 6649692121 composite?
False
Is 689275823 prime?
True
Is 500247983 composite?
True
Is 13509842371 a composite number?
True
Is 252842141 prime?
False
Is 295782649 a composite number?
True
Is 1616947901 composite?
True
Is 5440512323 a composite number?
False
Is 166086487373 composite?
False
Is 13805753411 a composite number?
True
Is 5296106059 prime?
True
Is 8908322201 prime?
False
Is 1895297687 a prime number?
True
Is 69964324537 a prime number?
True
Is 142225673 a prime number?
True
Is 54297913 composite?
False
Is 106625783291 prime?
True
Is 40877843343 composite?
True
Is 4698347327 a composite number?
False
Is 304000457 composite?
True
Is 163302277783 composite?
True
Is 2917553083 a prime number?
True
Is 314255303 composite?
True
Is 42660502 a prime number?
False
Is 724357651 a prime number?
False
Is 1005447129 prime?
False
Is 4887482453 a composite number?
True
Is 178204609 prime?
False
Is 26606472239 prime?
True
Is 355796981 prime?
False
Is 24433764503 composite?
True
Is 1699247707 prime?
True
Is 1786829563 a composite number?
True
Is 44303129215 prime?
False
Is 5455600123 composite?
False
Is 32496657211 prime?
True
Is 1947704329 composite?
False
Is 7667347 prime?
False
Is 512226161 a prime number?
False
Is 2227411847 prime?
False
Is 19091253353 a prime number?
True
Is 25202248991 composite?
True
Is 6010129705 a prime number?
False
Is 296113163 a prime number?
False
Is 350462243 a composite number?
False
Is 30717487291 composite?
False
Is 82659238 prime?
False
Is 194530981 composite?
False
Is 2063856227 a prime number?
False
Is 221720371 prime?
False
Is 453970157 a prime number?
False
Is 153317377 prime?
False
Is 7516488283 prime?
False
Is 12511096841 a composite number?
True
Is 78006754817 a composite number?
False
Is 280137983 composite?
False
Is 3278960963 a composite number?
True
Is 2634403699 prime?
True
Is 17059021417 composite?
False
Is 7022830157 a prime number?
False
Is 1105985663 composite?
False
Is 35556970741 a prime number?
True
Is 9658195777 a prime number?
False
Is 3825447985 a composite number?
True
Is 21723112883 prime?
False
Is 21691127 composite?
False
Is 11246855811 a composite number?
True
Is 159485193617 prime?
True
Is 52358539187 a prime number?
False
Is 308025741 a composite number?
True
Is 417411619 a composite number?
False
Is 95757277339 a composite number?
False
Is 1099882969 a composite number?
False
Is 100850369 prime?
True
Is 579170531 composite?
False
Is 224140999 a composite number?
True
Is 21391766233 a composite number?
False
Is 385343171 prime?
True
Is 71402638633 prime?
True
Is 5624447981 prime?
False
Is 1029677137 composite?
True
Is 865501321 a prime number?
True
Is 73436623517 composite?
False
Is 4823800013 a prime number?
False
Is 16584337351 prime?
True
Is 24864869 composite?
False
Is 14089216409 a prime number?
False
Is 14887452049 a prime number?
True
Is 1466256121 prime?
False
Is 99904457 a composite number?
False
Is 11372504239 composite?
False
Is 339074977 a composite number?
False
Is 521938163 a prime number?
True
Is 56613761 a composite number?
True
Is 12215077793 prime?
False
Is 11280939097 a composite number?
True
Is 9039684361 prime?
False
Is 15565619393 a prime number?
True
Is 1893177241 a prime number?
True
Is 2700481709 prime?
True
Is 3570045239 a composite number?
False
Is 1520837057 composite?
False
Is 5842305733 composite?
True
Is 10004178257 a prime number?
True
Is 576304757 a composite number?
True
Is 1466286631 a prime number?
True
Is 31418545127 prime?
True
Is 288585769 a composite number?
True
Is 113649818387 composite?
True
Is 893279813 a prime number?
False
Is 34105648139 composite?
True
Is 1351677143 composite?
False
Is 18898244282 prime?
False
Is 44463217 a prime number?
True
Is 29960248823 a prime number?
True
Is 12365995133 a prime number?
False
Is 1868522483 a prime number?
True
Is 428521796983 a prime number?
False
Is 827041001 a composite number?
False
Is 6934860547 composite?
False
Is 49530662053 a composite number?
False
Is 389894503 prime?
True
Is 4417148639 a composite number?
False
Is 53759315359 prime?
True
Is 48862251487 a prime number?
False
Is 2240593811 a composite number?
False
I